at is the thousands digit of 61170?
1
What is the tens digit of 4839?
3
What is the units digit of 82421?
1
What is the hundreds digit of 288?
2
What is the tens digit of 45974?
7
What is the units digit of 389?
9
What is the units digit of 1440?
0
What is the hundreds digit of 3448?
4
What is the units digit of 8933?
3
What is the units digit of 545?
5
What is the thousands digit of 5162?
5
What is the thousands digit of 5200?
5
What is the hundreds digit of 36406?
4
What is the units digit of 26525?
5
What is the tens digit of 1206?
0
What is the units digit of 809?
9
What is the tens digit of 57257?
5
What is the units digit of 4379?
9
What is the hundreds digit of 11579?
5
What is the hundreds digit of 28532?
5
What is the units digit of 443?
3
What is the thousands digit of 4302?
4
What is the units digit of 94088?
8
What is the units digit of 1971?
1
What is the tens digit of 971?
7
What is the hundreds digit of 8555?
5
What is the hundreds digit of 7506?
5
What is the thousands digit of 28039?
8
What is the thousands digit of 50002?
0
What is the ten thousands digit of 21694?
2
What is the hundreds digit of 988?
9
What is the tens digit of 41042?
4
What is the thousands digit of 31069?
1
What is the hundreds digit of 9923?
9
What is the thousands digit of 1434?
1
What is the units digit of 78630?
0
What is the hundreds digit of 68861?
8
What is the units digit of 866?
6
What is the units digit of 4679?
9
What is the units digit of 53685?
5
What is the thousands digit of 4201?
4
What is the hundreds digit of 24453?
4
What is the tens digit of 552?
5
What is the ten thousands digit of 70103?
7
What is the hundreds digit of 1489?
4
What is the thousands digit of 20047?
0
What is the units digit of 1697?
7
What is the tens digit of 432?
3
What is the tens digit of 1149?
4
What is the hundreds digit of 9505?
5
What is the thousands digit of 17149?
7
What is the hundreds digit of 1913?
9
What is the thousands digit of 15971?
5
What is the hundreds digit of 844?
8
What is the hundreds digit of 5480?
4
What is the hundreds digit of 4334?
3
What is the tens digit of 1463?
6
What is the tens digit of 15059?
5
What is the tens digit of 970?
7
What is the units digit of 4492?
2
What is the ten thousands digit of 13584?
1
What is the units digit of 619?
9
What is the tens digit of 139528?
2
What is the hundreds digit of 8721?
7
What is the hundreds digit of 1805?
8
What is the units digit of 1381?
1
What is the tens digit of 52554?
5
What is the units digit of 184?
4
What is the hundreds digit of 41437?
4
What is the tens digit of 156?
5
What is the hundreds digit of 707?
7
What is the units digit of 1026?
6
What is the thousands digit of 7472?
7
What is the thousands digit of 49807?
9
What is the ten thousands digit of 87535?
8
What is the units digit of 102?
2
What is the tens digit of 3017?
1
What is the tens digit of 2904?
0
What is the hundreds digit of 15948?
9
What is the hundreds digit of 8378?
3
What is the tens digit of 683?
8
What is the thousands digit of 1856?
1
What is the units digit of 26631?
1
What is the ten thousands digit of 33539?
3
What is the hundreds digit of 5573?
5
What is the units digit of 6393?
3
What is the tens digit of 516?
1
What is the hundreds digit of 72004?
0
What is the thousands digit of 11062?
1
What is the tens digit of 31234?
3
What is the units digit of 3248?
8
What is the hundreds digit of 2226?
2
What is the hundred thousands digit of 137602?
1
What is the units digit of 1521?
1
What is the tens digit of 1024?
2
What is the units digit of 1672?
2
What is the hundreds digit of 945?
9
What is the tens digit of 10295?
9
What is the units digit of 175?
5
What is the ten thousands digit of 64537?
6
What is the hundred thousands digit of 159893?
1
What is the units digit of 212?
2
What is the hundreds digit of 113?
1
What is the ten thousands digit of 20771?
2
What is the units digit of 1889?
9
What is the tens digit of 3918?
1
What is the hundreds digit of 6585?
5
What is the units digit of 200?
0
What is the units digit of 6086?
6
What is the hundreds digit of 4138?
1
What is the ten thousands digit of 65926?
6
What is the units digit of 3846?
6
What is the thousands digit of 129036?
9
What is the units digit of 229?
9
What is the ten thousands digit of 11631?
1
What is the tens digit of 40777?
7
What is the thousands digit of 1003?
1
What is the hundreds digit of 1024?
0
What is the thousands digit of 20772?
0
What is the thousands digit of 4313?
4
What is the tens digit of 1938?
3
What is the thousands digit of 6287?
6
What is the thousands digit of 56430?
6
What is the ten thousands digit of 54882?
5
What is the thousands digit of 1748?
1
What is the tens digit of 108?
0
What is the tens digit of 98?
9
What is the hundreds digit of 9426?
4
What is the units digit of 1514?
4
What is the units digit of 11119?
9
What is the hundreds digit of 2454?
4
What is the units digit of 6749?
9
What is the units digit of 1757?
7
What is the thousands digit of 2981?
2
What is the thousands digit of 3150?
3
What is the hundreds digit of 546?
5
What is the tens digit of 520?
2
What is the tens digit of 711?
1
What is the hundreds digit of 3183?
1
What is the hundreds digit of 4157?
1
What is the ten thousands digit of 30508?
3
What is the units digit of 25280?
0
What is the hundreds digit of 13811?
8
What is the tens digit of 46558?
5
What is the tens digit of 351?
5
What is the hundreds digit of 973?
9
What is the hundreds digit of 41209?
2
What is the hundreds digit of 16074?
0
What is the tens digit of 14372?
7
What is the hundreds digit of 536?
5
What is the tens digit of 44896?
9
What is the tens digit of 702?
0
What is the units digit of 920?
0
What is the tens digit of 20856?
5
What is the hundred thousands digit of 118322?
1
What is the ten thousands digit of 11209?
1
What is the units digit of 1080?
0
What is the hundreds digit of 928?
9
What is the tens digit of 64768?
6
What is the tens digit of 155?
5
What is the tens digit of 14774?
7
What is the hundreds digit of 85681?
6
What is the ten thousands digit of 10638?
1
What is the ten thousands digit of 12301?
1
What is the hundreds digit of 244?
2
What is the units digit of 45090?
0
What is the hundreds digit of 62669?
6
What is the tens digit of 18?
1
What is the units digit of 91340?
0
What is the ten thousands digit of 12455?
1
What is the units digit of 1048?
8
What is the thousands digit of 2076?
2
What is the tens digit of 88661?
6
What is the hundreds digit of 5278?
2
What is the thousands digit of 2406?
2
What is the hundreds digit of 41411?
4
What is the units digit of 7637?
7
What is the units digit of 516?
6
What is the hundreds digit of 247?
2
What is the tens digit of 13358?
5
What is the units digit of 8828?
8
What is the tens digit of 54027?
2
What is the thousands digit of 13017?
3
What is the hundreds digit of 55992?
9
What is the units digit of 139103?
3
What is the hundreds digit of 4777?
7
What is the hundreds digit of 191654?
6
What is the units digit of 29503?
3
What is the hundreds digit of 8614?
6
What is the thousands digit of 37577?
7
What is the units digit of 9998?
8
What is the hundreds digit of 443?
4
What is the thousands digit of 1047?
1
What is the thousands digit of 19135?
9
What is the units digit of 11389?
9
What is the thousands digit of 12436?
2
What is the hundred thousands digit of 100897?
1
What is the hundreds digit of 982?
9
What is the thousands digit of 70428?
0
What is the tens digit of 23235?
3
What is the thousands digit of 10860?
0
What is the tens digit of 1164?
6
What is the hundreds digit of 4309?
3
What is the tens digit of 714?
1
What is the thousands digit of 2183?
2
What is the hundreds digit of 5688?
6
What is the thousands digit of 5927?
5
What is the units digit of 2813?
3
What is the hundreds digit of 958?
9
What is the hundreds digit of 86027?
0
What is the units digit of 497?
7
What is the tens digit of 997?
9
What is the ten thousands digit of 49945?
4
What is the units digit of 624?
4
What is the thousands digit of 8791?
8
What is the tens digit of 1451?
5
What is the hundreds digit of 10795?
7
What is the hundreds digit of 14439?
4
What is the thousands digit of 5779?
5
What is the units digit